 are the prime factors of 2543?
2543
What are the prime factors of 307?
307
List the prime factors of 7732.
2, 1933
List the prime factors of 12314.
2, 47, 131
What are the prime factors of 13936?
2, 13, 67
List the prime factors of 909.
3, 101
List the prime factors of 13330.
2, 5, 31, 43
List the prime factors of 5920.
2, 5, 37
What are the prime factors of 3983?
7, 569
List the prime factors of 10756.
2, 2689
What are the prime factors of 6340?
2, 5, 317
What are the prime factors of 173665?
5, 47, 739
What are the prime factors of 8993?
17, 23
List the prime factors of 9435.
3, 5, 17, 37
What are the prime factors of 468?
2, 3, 13
List the prime factors of 9401.
7, 17, 79
List the prime factors of 43990.
2, 5, 53, 83
What are the prime factors of 200?
2, 5
List the prime factors of 5547.
3, 43
What are the prime factors of 3938?
2, 11, 179
List the prime factors of 14328.
2, 3, 199
List the prime factors of 2494.
2, 29, 43
What are the prime factors of 68?
2, 17
What are the prime factors of 4026?
2, 3, 11, 61
List the prime factors of 3750.
2, 3, 5
What are the prime factors of 1041?
3, 347
List the prime factors of 17215.
5, 11, 313
What are the prime factors of 2062?
2, 1031
What are the prime factors of 11935?
5, 7, 11, 31
List the prime factors of 36542.
2, 11, 151
List the prime factors of 179.
179
List the prime factors of 819.
3, 7, 13
What are the prime factors of 48034?
2, 7, 47, 73
List the prime factors of 2853.
3, 317
What are the prime factors of 416?
2, 13
What are the prime factors of 63175?
5, 7, 19
List the prime factors of 68339.
37, 1847
What are the prime factors of 1035?
3, 5, 23
List the prime factors of 154652.
2, 23, 41
What are the prime factors of 5464?
2, 683
List the prime factors of 187.
11, 17
What are the prime factors of 64167?
3, 73, 293
What are the prime factors of 19926?
2, 3, 41
List the prime factors of 2880.
2, 3, 5
List the prime factors of 805.
5, 7, 23
What are the prime factors of 1220?
2, 5, 61
List the prime factors of 1229.
1229
What are the prime factors of 2034?
2, 3, 113
What are the prime factors of 8668?
2, 11, 197
What are the prime factors of 1259?
1259
What are the prime factors of 1200?
2, 3, 5
List the prime factors of 943.
23, 41
List the prime factors of 2254.
2, 7, 23
What are the prime factors of 564?
2, 3, 47
List the prime factors of 9762.
2, 3, 1627
List the prime factors of 3040.
2, 5, 19
List the prime factors of 57188.
2, 17, 29
List the prime factors of 5190.
2, 3, 5, 173
List the prime factors of 10517.
13, 809
List the prime factors of 7188.
2, 3, 599
List the prime factors of 81266.
2, 179, 227
List the prime factors of 8593.
13, 661
What are the prime factors of 170?
2, 5, 17
List the prime factors of 141480.
2, 3, 5, 131
What are the prime factors of 142628?
2, 181, 197
List the prime factors of 1927.
41, 47
List the prime factors of 20922.
2, 3, 11, 317
List the prime factors of 4752.
2, 3, 11
List the prime factors of 891.
3, 11
What are the prime factors of 7162?
2, 3581
List the prime factors of 19506.
2, 3, 3251
List the prime factors of 11332.
2, 2833
What are the prime factors of 96224?
2, 31, 97
List the prime factors of 100552.
2, 12569
What are the prime factors of 26179?
47, 557
What are the prime factors of 45986?
2, 22993
List the prime factors of 15576.
2, 3, 11, 59
List the prime factors of 42475.
5, 1699
What are the prime factors of 86784?
2, 3, 113
What are the prime factors of 2100?
2, 3, 5, 7
List the prime factors of 1733.
1733
List the prime factors of 6490.
2, 5, 11, 59
List the prime factors of 346.
2, 173
List the prime factors of 414.
2, 3, 23
What are the prime factors of 4883?
19, 257
List the prime factors of 1164.
2, 3, 97
What are the prime factors of 2705?
5, 541
List the prime factors of 5000.
2, 5
What are the prime factors of 556?
2, 139
List the prime factors of 14048.
2, 439
What are the prime factors of 12801?
3, 17, 251
What are the prime factors of 179219?
277, 647
What are the prime factors of 2240?
2, 5, 7
What are the prime factors of 1029?
3, 7
List the prime factors of 3967.
3967
What are the prime factors of 1219?
23, 53
List the prime factors of 2329.
17, 137
What are the prime factors of 2726?
2, 29, 47
What are the prime factors of 1241?
17, 73
What are the prime factors of 2916?
2, 3
What are the prime factors of 1252?
2, 313
What are the prime factors of 11347?
7, 1621
List the prime factors of 856.
2, 107
List the prime factors of 192.
2, 3
List the prime factors of 760.
2, 5, 19
What are the prime factors of 9213?
3, 37, 83
List the prime factors of 5052.
2, 3, 421
What are the prime factors of 416?
2, 13
What are the prime factors of 24894?
2, 3, 461
What are the prime factors of 3374?
2, 7, 241
List the prime factors of 4248.
2, 3, 59
List the prime factors of 706.
2, 353
List the prime factors of 2082.
2, 3, 347
List the prime factors of 15395.
5, 3079
List the prime factors of 9708.
2, 3, 809
List the prime factors of 1529.
11, 139
List the prime factors of 3204.
2, 3, 89
What are the prime factors of 1606?
2, 11, 73
What are the prime factors of 1744?
2, 109
List the prime factors of 27918.
2, 3, 11, 47
List the prime factors of 12036.
2, 3, 17, 59
What are the prime factors of 1882?
2, 941
List the prime factors of 156180.
2, 3, 5, 19, 137
What are the prime factors of 1020?
2, 3, 5, 17
What are the prime factors of 93?
3, 31
What are the prime factors of 609?
3, 7, 29
List the prime factors of 2632.
2, 7, 47
List the prime factors of 18965.
5, 3793
List the prime factors of 10335.
3, 5, 13, 53
List the prime factors of 2689.
2689
List the prime factors of 44550.
2, 3, 5, 11
List the prime factors of 25866.
2, 3, 479
What are the prime factors of 2381?
2381
List the prime factors of 3318.
2, 3, 7, 79
List the prime factors of 45372.
2, 3, 19, 199
List the prime factors of 61970.
2, 5, 6197
What are the prime factors of 19461?
3, 13, 499
List the prime factors of 37249.
193
What are the prime factors of 22075?
5, 883
What are the prime factors of 3023?
3023
What are the prime factors of 910?
2, 5, 7, 13
What are the prime factors of 40627?
40627
What are the prime factors of 1077?
3, 359
What are the prime factors of 23617?
11, 19, 113
List the prime factors of 2067.
3, 13, 53
List the prime factors of 5143.
37, 139
What are the prime factors of 4220?
2, 5, 211
What are the prime factors of 653?
653
List the prime factors of 22043.
7, 47, 67
List the prime factors of 28933.
28933
What are the prime factors of 1901?
1901
What are the prime factors of 523?
523
List the prime factors of 171423.
3, 7, 907
List the prime factors of 133332.
2, 3, 41, 271
What are the prime factors of 8080?
2, 5, 101
What are the prime factors of 2081?
2081
List the prime factors of 13301.
47, 283
What are the prime factors of 13177?
13177
List the prime factors of 39326.
2, 7, 53
List the prime factors of 5391.
3, 599
List the prime factors of 3296.
2, 103
What are the prime factors of 5154?
2, 3, 859
What are the prime factors of 877?
877
List the prime factors of 19686.
2, 3, 17, 193
List the prime factors of 2056.
2, 257
What are the prime factors of 3298?
2, 17, 97
What are the prime factors of 1326?
2, 3, 13, 17
List the prime factors of 31009.
11, 2819
What are the prime factors of 110?
2, 5, 11
List the prime factors of 6987.
3, 17, 137
What are the prime factors of 111142?
2, 61, 911
List the prime factors of 1445.
5, 17
What are the prime factors of 926?
2, 463
List the prime factors of 45022.
2, 22511
List the prime factors of 1276.
2, 11, 29
What are the prime factors of 1993?
1993
List the prime factors of 8487.
3, 23, 41
What are the prime factors of 11934?
2, 3, 13, 17
List the prime factors of 158317.
31, 5107
List the prime factors of 86380.
2, 5, 7, 617
What are the prime factors of 6790?
2, 5, 7, 97
What are the prime factors of 1845?
3, 5, 41
List the prime factors of 1059.
3, 353
What are the prime factors of 5680?
2, 5, 71
What are the prime factors of 1617?
3, 7, 11
What are the prime factors of 17746?
2, 19, 467
What are the prime factors of 2622?
2, 3, 19, 23
What are the prime factors of 118442?
2, 59221
List the prime factors of 4024.
2, 503
What are the prime factors of 7671?
3, 2557
List the prime fac